{"id":2069,"date":"2025-05-26T10:49:30","date_gmt":"2025-05-26T10:49:30","guid":{"rendered":"https:\/\/baticleantech.fr\/?page_id=2069"},"modified":"2025-07-14T09:53:43","modified_gmt":"2025-07-14T09:53:43","slug":"dallage","status":"publish","type":"page","link":"https:\/\/baticleantech.fr\/?page_id=2069","title":{"rendered":"Dallage"},"content":{"rendered":"\t\t<div data-elementor-type=\"wp-page\" data-elementor-id=\"2069\" class=\"elementor elementor-2069\">\n\t\t\t\t<div class=\"elementor-element elementor-element-8507b83 e-flex e-con-boxed e-con e-parent\" data-id=\"8507b83\" data-element_type=\"container\" data-settings=\"{&quot;background_background&quot;:&quot;classic&quot;}\">\n\t\t\t\t\t<div class=\"e-con-inner\">\n\t\t\t\t\t<\/div>\n\t\t\t\t<\/div>\n\t\t<div class=\"elementor-element elementor-element-72e41ba e-flex e-con-boxed e-con e-parent\" data-id=\"72e41ba\" data-element_type=\"container\">\n\t\t\t\t\t<div class=\"e-con-inner\">\n\t\t\t\t<div class=\"elementor-element elementor-element-3f32524 elementor-widget elementor-widget-spacer\" data-id=\"3f32524\" data-element_type=\"widget\" data-widget_type=\"spacer.default\">\n\t\t\t\t<div class=\"elementor-widget-container\">\n\t\t\t\t\t\t\t<div class=\"elementor-spacer\">\n\t\t\t<div class=\"elementor-spacer-inner\"><\/div>\n\t\t<\/div>\n\t\t\t\t\t\t<\/div>\n\t\t\t\t<\/div>\n\t\t\t\t<div class=\"elementor-element elementor-element-d35e0cd elementor-widget elementor-widget-heading\" data-id=\"d35e0cd\" data-element_type=\"widget\" data-widget_type=\"heading.default\">\n\t\t\t\t<div class=\"elementor-widget-container\">\n\t\t\t\t\t<h2 class=\"elementor-heading-title elementor-size-default\">ENTRETIEN DES DALLAGES<\/h2>\t\t\t\t<\/div>\n\t\t\t\t<\/div>\n\t\t\t\t<div class=\"elementor-element elementor-element-f4fa040 elementor-widget elementor-widget-spacer\" data-id=\"f4fa040\" data-element_type=\"widget\" data-widget_type=\"spacer.default\">\n\t\t\t\t<div class=\"elementor-widget-container\">\n\t\t\t\t\t\t\t<div class=\"elementor-spacer\">\n\t\t\t<div class=\"elementor-spacer-inner\"><\/div>\n\t\t<\/div>\n\t\t\t\t\t\t<\/div>\n\t\t\t\t<\/div>\n\t\t\t\t<div class=\"elementor-element elementor-element-921a2de elementor-widget__width-initial elementor-widget elementor-widget-text-editor\" data-id=\"921a2de\" data-element_type=\"widget\" data-widget_type=\"text-editor.default\">\n\t\t\t\t<div class=\"elementor-widget-container\">\n\t\t\t\t\t\t\t\t\t<strong>Les sols industriels et logistiques sont soumis \u00e0 des agressions constantes : traces de chariots \u00e9l\u00e9vateurs, d\u00e9p\u00f4ts de graisses, poussi\u00e8res et r\u00e9sidus industriels.<\/strong>\n\n<ul>\n  <li><strong><span style=\"color: #2D79BE;\">\u00c9limination des traces de circulation :<\/span> Suppression des marques de roues de chariots \u00e9l\u00e9vateurs et autres \u00e9quipements de manutention.<\/strong><\/li>\n  <li><strong><span style=\"color: #2D79BE;\">D\u00e9sincrustation des d\u00e9p\u00f4ts huileux et poussi\u00e8res :<\/span> Nettoyage adapt\u00e9 aux environnements industriels pour un sol propre et s\u00e9curisant.<\/strong><\/li>\n  <li><strong><span style=\"color: #2D79BE;\">Nettoyage des zones de stockage et de production :<\/span> Pr\u00e9vention des risques de contamination et conformit\u00e9 aux r\u00e9glementations sanitaires.<\/strong><\/li>\n  <li><strong><span style=\"color: #2D79BE;\">Suppression des taches de peinture et marquages obsol\u00e8tes :<\/span> Restauration des sols pour une meilleure visibilit\u00e9 et une organisation optimis\u00e9e.<\/strong><\/li>\n  <li><strong><span style=\"color: #2D79BE;\">Entretien des surfaces ext\u00e9rieures de stockage ou parking :<\/span> D\u00e9crassage des surfaces soumises aux intemp\u00e9ries et pollution ext\u00e9rieure.<\/strong><\/li>\n<\/ul>\t\t\t\t\t\t\t\t<\/div>\n\t\t\t\t<\/div>\n\t\t\t\t\t<\/div>\n\t\t\t\t<\/div>\n\t\t<div class=\"elementor-element elementor-element-118d982d e-flex e-con-boxed e-con e-parent\" data-id=\"118d982d\" data-element_type=\"container\">\n\t\t\t\t\t<div class=\"e-con-inner\">\n\t\t<div class=\"elementor-element elementor-element-651dcf1d e-con-full e-flex e-con e-child\" data-id=\"651dcf1d\" data-element_type=\"container\">\n\t\t<div class=\"elementor-element elementor-element-2be13219 e-con-full toiture-img elementor-hidden-desktop elementor-hidden-tablet e-flex e-con e-child\" data-id=\"2be13219\" data-element_type=\"container\" data-settings=\"{&quot;background_background&quot;:&quot;classic&quot;}\">\n\t\t\t\t<\/div>\n\t\t<div class=\"elementor-element elementor-element-13f2862c e-con-full e-flex e-con e-child\" data-id=\"13f2862c\" data-element_type=\"container\">\n\t\t\t\t<div class=\"elementor-element elementor-element-793af9c5 elementor-widget elementor-widget-heading\" data-id=\"793af9c5\" data-element_type=\"widget\" id=\"enveloppe-batiment\" data-widget_type=\"heading.default\">\n\t\t\t\t<div class=\"elementor-widget-container\">\n\t\t\t\t\t<h2 class=\"elementor-heading-title elementor-size-default\">Entretien intensif des sols logistiques et industriel<\/h2>\t\t\t\t<\/div>\n\t\t\t\t<\/div>\n\t\t\t\t<div class=\"elementor-element elementor-element-2307f95d elementor-widget elementor-widget-image\" data-id=\"2307f95d\" data-element_type=\"widget\" data-widget_type=\"image.default\">\n\t\t\t\t<div class=\"elementor-widget-container\">\n\t\t\t\t\t\t\t\t\t\t\t\t\t\t\t<img fetchpriority=\"high\" decoding=\"async\" width=\"512\" height=\"512\" src=\"https:\/\/baticleantech.fr\/wp-content\/uploads\/2025\/05\/building-04-svgrepo-com.png\" class=\"attachment-large size-large wp-image-1977\" alt=\"\" srcset=\"https:\/\/baticleantech.fr\/wp-content\/uploads\/2025\/05\/building-04-svgrepo-com.png 512w, https:\/\/baticleantech.fr\/wp-content\/uploads\/2025\/05\/building-04-svgrepo-com-300x300.png 300w, https:\/\/baticleantech.fr\/wp-content\/uploads\/2025\/05\/building-04-svgrepo-com-150x150.png 150w\" sizes=\"(max-width: 512px) 100vw, 512px\" \/>\t\t\t\t\t\t\t\t\t\t\t\t\t\t\t<\/div>\n\t\t\t\t<\/div>\n\t\t\t\t<div class=\"elementor-element elementor-element-81dabf2 elementor-widget__width-initial elementor-widget elementor-widget-text-editor\" data-id=\"81dabf2\" data-element_type=\"widget\" data-widget_type=\"text-editor.default\">\n\t\t\t\t<div class=\"elementor-widget-container\">\n\t\t\t\t\t\t\t\t\t<p>Les sols industriels et logistiques subissent des agressions quotidiennes telles que les traces de chariots \u00e9l\u00e9vateurs, les d\u00e9p\u00f4ts de graisses, les poussi\u00e8res et autres r\u00e9sidus li\u00e9s \u00e0 l\u2019activit\u00e9. Un nettoyage sp\u00e9cialis\u00e9 permet d\u2019\u00e9liminer efficacement les marques de circulation, les taches de peinture ou marquages obsol\u00e8tes, tout en d\u00e9sincrustant les d\u00e9p\u00f4ts huileux et poussi\u00e9reux pour assurer un environnement de travail propre, s\u00e9curis\u00e9 et conforme aux normes sanitaires.<\/p>\t\t\t\t\t\t\t\t<\/div>\n\t\t\t\t<\/div>\n\t\t\t\t<\/div>\n\t\t<div class=\"elementor-element elementor-element-2370173c e-con-full toiture-img elementor-hidden-mobile e-flex e-con e-child\" data-id=\"2370173c\" data-element_type=\"container\" data-settings=\"{&quot;background_background&quot;:&quot;classic&quot;}\">\n\t\t\t\t<\/div>\n\t\t\t\t<\/div>\n\t\t<div class=\"elementor-element elementor-element-6074d379 e-con-full e-flex e-con e-child\" data-id=\"6074d379\" data-element_type=\"container\">\n\t\t<div class=\"elementor-element elementor-element-33aa5915 e-con-full toiture-img elementor-hidden-desktop elementor-hidden-tablet e-flex e-con e-child\" data-id=\"33aa5915\" data-element_type=\"container\" data-settings=\"{&quot;background_background&quot;:&quot;classic&quot;}\">\n\t\t\t\t<\/div>\n\t\t<div class=\"elementor-element elementor-element-286ddd8c e-con-full toiture-img elementor-hidden-mobile e-flex e-con e-child\" data-id=\"286ddd8c\" data-element_type=\"container\" data-settings=\"{&quot;background_background&quot;:&quot;classic&quot;}\">\n\t\t\t\t<\/div>\n\t\t<div class=\"elementor-element elementor-element-6c05435a e-con-full e-flex e-con e-child\" data-id=\"6c05435a\" data-element_type=\"container\">\n\t\t\t\t<div class=\"elementor-element elementor-element-edf6c14 elementor-widget elementor-widget-heading\" data-id=\"edf6c14\" data-element_type=\"widget\" id=\"materiaux\" data-widget_type=\"heading.default\">\n\t\t\t\t<div class=\"elementor-widget-container\">\n\t\t\t\t\t<h2 class=\"elementor-heading-title elementor-size-default\">Pr\u00e9servez la propret\u00e9 et la durabilit\u00e9 de vos espaces industriels<\/h2>\t\t\t\t<\/div>\n\t\t\t\t<\/div>\n\t\t\t\t<div class=\"elementor-element elementor-element-2b8cba24 elementor-widget elementor-widget-image\" data-id=\"2b8cba24\" data-element_type=\"widget\" data-widget_type=\"image.default\">\n\t\t\t\t<div class=\"elementor-widget-container\">\n\t\t\t\t\t\t\t\t\t\t\t\t\t\t\t<img decoding=\"async\" width=\"1024\" height=\"1024\" src=\"https:\/\/baticleantech.fr\/wp-content\/uploads\/2025\/05\/clean-svgrepo-com3-1024x1024.png\" class=\"attachment-large size-large wp-image-1983\" alt=\"\" srcset=\"https:\/\/baticleantech.fr\/wp-content\/uploads\/2025\/05\/clean-svgrepo-com3-1024x1024.png 1024w, https:\/\/baticleantech.fr\/wp-content\/uploads\/2025\/05\/clean-svgrepo-com3-300x300.png 300w, https:\/\/baticleantech.fr\/wp-content\/uploads\/2025\/05\/clean-svgrepo-com3-150x150.png 150w, https:\/\/baticleantech.fr\/wp-content\/uploads\/2025\/05\/clean-svgrepo-com3-768x768.png 768w, https:\/\/baticleantech.fr\/wp-content\/uploads\/2025\/05\/clean-svgrepo-com3-1536x1536.png 1536w, https:\/\/baticleantech.fr\/wp-content\/uploads\/2025\/05\/clean-svgrepo-com3-2048x2048.png 2048w, https:\/\/baticleantech.fr\/wp-content\/uploads\/2025\/05\/clean-svgrepo-com3-600x600.png 600w\" sizes=\"(max-width: 1024px) 100vw, 1024px\" \/>\t\t\t\t\t\t\t\t\t\t\t\t\t\t\t<\/div>\n\t\t\t\t<\/div>\n\t\t\t\t<div class=\"elementor-element elementor-element-470fa30a elementor-widget__width-initial elementor-widget elementor-widget-text-editor\" data-id=\"470fa30a\" data-element_type=\"widget\" data-widget_type=\"text-editor.default\">\n\t\t\t\t<div class=\"elementor-widget-container\">\n\t\t\t\t\t\t\t\t\t<p>Ce service comprend \u00e9galement l\u2019entretien des zones de stockage et de production, essentielles pour pr\u00e9venir les risques de contamination. Les surfaces ext\u00e9rieures comme les aires de stockage ou parkings b\u00e9n\u00e9ficient aussi d\u2019un d\u00e9crassage en profondeur, essentiel face aux intemp\u00e9ries et \u00e0 la pollution, permettant de restaurer durablement l\u2019apparence et la fonctionnalit\u00e9 des sols.<\/p>\t\t\t\t\t\t\t\t<\/div>\n\t\t\t\t<\/div>\n\t\t\t\t<\/div>\n\t\t\t\t<\/div>\n\t\t\t\t\t<\/div>\n\t\t\t\t<\/div>\n\t\t<div class=\"elementor-element elementor-element-0d10d27 e-flex e-con-boxed e-con e-parent\" data-id=\"0d10d27\" data-element_type=\"container\">\n\t\t\t\t\t<div class=\"e-con-inner\">\n\t\t\t\t\t<\/div>\n\t\t\t\t<\/div>\n\t\t\t\t<\/div>\n\t\t","protected":false},"excerpt":{"rendered":"<p>ENTRETIEN DES DALLAGES Les sols industriels et logistiques sont soumis \u00e0 des agressions constantes : traces de chariots \u00e9l\u00e9vateurs, d\u00e9p\u00f4ts de graisses, poussi\u00e8res et r\u00e9sidus industriels. \u00c9limination des traces de circulation : Suppression des marques de roues de chariots \u00e9l\u00e9vateurs et autres \u00e9quipements de manutention. D\u00e9sincrustation des d\u00e9p\u00f4ts huileux et poussi\u00e8res : Nettoyage adapt\u00e9 aux [&hellip;]<\/p>\n","protected":false},"author":1,"featured_media":0,"parent":0,"menu_order":0,"comment_status":"closed","ping_status":"closed","template":"","meta":{"ocean_post_layout":"","ocean_both_sidebars_style":"","ocean_both_sidebars_content_width":0,"ocean_both_sidebars_sidebars_width":0,"ocean_sidebar":"","ocean_second_sidebar":"","ocean_disable_margins":"enable","ocean_add_body_class":"","ocean_shortcode_before_top_bar":"","ocean_shortcode_after_top_bar":"","ocean_shortcode_before_header":"","ocean_shortcode_after_header":"","ocean_has_shortcode":"","ocean_shortcode_after_title":"","ocean_shortcode_before_footer_widgets":"","ocean_shortcode_after_footer_widgets":"","ocean_shortcode_before_footer_bottom":"","ocean_shortcode_after_footer_bottom":"","ocean_display_top_bar":"default","ocean_display_header":"default","ocean_header_style":"","ocean_center_header_left_menu":"","ocean_custom_header_template":"","ocean_custom_logo":0,"ocean_custom_retina_logo":0,"ocean_custom_logo_max_width":0,"ocean_custom_logo_tablet_max_width":0,"ocean_custom_logo_mobile_max_width":0,"ocean_custom_logo_max_height":0,"ocean_custom_logo_tablet_max_height":0,"ocean_custom_logo_mobile_max_height":0,"ocean_header_custom_menu":"","ocean_menu_typo_font_family":"","ocean_menu_typo_font_subset":"","ocean_menu_typo_font_size":0,"ocean_menu_typo_font_size_tablet":0,"ocean_menu_typo_font_size_mobile":0,"ocean_menu_typo_font_size_unit":"px","ocean_menu_typo_font_weight":"","ocean_menu_typo_font_weight_tablet":"","ocean_menu_typo_font_weight_mobile":"","ocean_menu_typo_transform":"","ocean_menu_typo_transform_tablet":"","ocean_menu_typo_transform_mobile":"","ocean_menu_typo_line_height":0,"ocean_menu_typo_line_height_tablet":0,"ocean_menu_typo_line_height_mobile":0,"ocean_menu_typo_line_height_unit":"","ocean_menu_typo_spacing":0,"ocean_menu_typo_spacing_tablet":0,"ocean_menu_typo_spacing_mobile":0,"ocean_menu_typo_spacing_unit":"","ocean_menu_link_color":"","ocean_menu_link_color_hover":"","ocean_menu_link_color_active":"","ocean_menu_link_background":"","ocean_menu_link_hover_background":"","ocean_menu_link_active_background":"","ocean_menu_social_links_bg":"","ocean_menu_social_hover_links_bg":"","ocean_menu_social_links_color":"","ocean_menu_social_hover_links_color":"","ocean_disable_title":"default","ocean_disable_heading":"default","ocean_post_title":"","ocean_post_subheading":"","ocean_post_title_style":"","ocean_post_title_background_color":"","ocean_post_title_background":0,"ocean_post_title_bg_image_position":"","ocean_post_title_bg_image_attachment":"","ocean_post_title_bg_image_repeat":"","ocean_post_title_bg_image_size":"","ocean_post_title_height":0,"ocean_post_title_bg_overlay":0.5,"ocean_post_title_bg_overlay_color":"","ocean_disable_breadcrumbs":"default","ocean_breadcrumbs_color":"","ocean_breadcrumbs_separator_color":"","ocean_breadcrumbs_links_color":"","ocean_breadcrumbs_links_hover_color":"","ocean_display_footer_widgets":"default","ocean_display_footer_bottom":"default","ocean_custom_footer_template":"","footnotes":""},"class_list":["post-2069","page","type-page","status-publish","hentry","entry"],"_links":{"self":[{"href":"https:\/\/baticleantech.fr\/index.php?rest_route=\/wp\/v2\/pages\/2069","targetHints":{"allow":["GET"]}}],"collection":[{"href":"https:\/\/baticleantech.fr\/index.php?rest_route=\/wp\/v2\/pages"}],"about":[{"href":"https:\/\/baticleantech.fr\/index.php?rest_route=\/wp\/v2\/types\/page"}],"author":[{"embeddable":true,"href":"https:\/\/baticleantech.fr\/index.php?rest_route=\/wp\/v2\/users\/1"}],"replies":[{"embeddable":true,"href":"https:\/\/baticleantech.fr\/index.php?rest_route=%2Fwp%2Fv2%2Fcomments&post=2069"}],"version-history":[{"count":40,"href":"https:\/\/baticleantech.fr\/index.php?rest_route=\/wp\/v2\/pages\/2069\/revisions"}],"predecessor-version":[{"id":2482,"href":"https:\/\/baticleantech.fr\/index.php?rest_route=\/wp\/v2\/pages\/2069\/revisions\/2482"}],"wp:attachment":[{"href":"https:\/\/baticleantech.fr\/index.php?rest_route=%2Fwp%2Fv2%2Fmedia&parent=2069"}],"curies":[{"name":"wp","href":"https:\/\/api.w.org\/{rel}","templated":true}]}}