{"id":619,"date":"2022-04-25T01:40:02","date_gmt":"2022-04-25T01:40:02","guid":{"rendered":"https:\/\/architect.oceanwp.org\/?page_id=619"},"modified":"2025-07-15T11:11:46","modified_gmt":"2025-07-15T11:11:46","slug":"facade","status":"publish","type":"page","link":"https:\/\/baticleantech.fr\/?page_id=619","title":{"rendered":"Fa\u00e7ade"},"content":{"rendered":"\t\t<div data-elementor-type=\"wp-page\" data-elementor-id=\"619\" class=\"elementor elementor-619\">\n\t\t\t\t<div class=\"elementor-element elementor-element-99e21db e-flex e-con-boxed e-con e-parent\" data-id=\"99e21db\" data-element_type=\"container\" data-settings=\"{&quot;background_background&quot;:&quot;classic&quot;}\">\n\t\t\t\t\t<div class=\"e-con-inner\">\n\t\t\t\t\t<\/div>\n\t\t\t\t<\/div>\n\t\t<div class=\"elementor-element elementor-element-3ae7d6b e-flex e-con-boxed e-con e-parent\" data-id=\"3ae7d6b\" data-element_type=\"container\">\n\t\t\t\t\t<div class=\"e-con-inner\">\n\t\t\t\t<div class=\"elementor-element elementor-element-c978532 elementor-widget-divider--view-line elementor-widget elementor-widget-divider\" data-id=\"c978532\" data-element_type=\"widget\" data-widget_type=\"divider.default\">\n\t\t\t\t<div class=\"elementor-widget-container\">\n\t\t\t\t\t\t\t<div class=\"elementor-divider\">\n\t\t\t<span class=\"elementor-divider-separator\">\n\t\t\t\t\t\t<\/span>\n\t\t<\/div>\n\t\t\t\t\t\t<\/div>\n\t\t\t\t<\/div>\n\t\t\t\t<div class=\"elementor-element elementor-element-79d67f5 elementor-widget elementor-widget-heading\" data-id=\"79d67f5\" data-element_type=\"widget\" data-widget_type=\"heading.default\">\n\t\t\t\t<div class=\"elementor-widget-container\">\n\t\t\t\t\t<h1 class=\"elementor-heading-title elementor-size-default\">ENTRETIEN DES FACADES ET BARDAGES<\/h1>\t\t\t\t<\/div>\n\t\t\t\t<\/div>\n\t\t\t\t<div class=\"elementor-element elementor-element-ec93f25 elementor-widget-divider--view-line elementor-widget elementor-widget-divider\" data-id=\"ec93f25\" data-element_type=\"widget\" data-widget_type=\"divider.default\">\n\t\t\t\t<div class=\"elementor-widget-container\">\n\t\t\t\t\t\t\t<div class=\"elementor-divider\">\n\t\t\t<span class=\"elementor-divider-separator\">\n\t\t\t\t\t\t<\/span>\n\t\t<\/div>\n\t\t\t\t\t\t<\/div>\n\t\t\t\t<\/div>\n\t\t\t\t<div class=\"elementor-element elementor-element-9b18bc1 elementor-widget elementor-widget-heading\" data-id=\"9b18bc1\" data-element_type=\"widget\" data-widget_type=\"heading.default\">\n\t\t\t\t<div class=\"elementor-widget-container\">\n\t\t\t\t\t<h2 class=\"elementor-heading-title elementor-size-default\">Fa\u00e7ades<\/h2>\t\t\t\t<\/div>\n\t\t\t\t<\/div>\n\t\t\t\t<div class=\"elementor-element elementor-element-5db1e41 elementor-widget elementor-widget-text-editor\" data-id=\"5db1e41\" data-element_type=\"widget\" data-widget_type=\"text-editor.default\">\n\t\t\t\t<div class=\"elementor-widget-container\">\n\t\t\t\t\t\t\t\t\t<p>Votre fa\u00e7ade est expos\u00e9e aux intemp\u00e9ries, \u00e0 la pollution et aux salissures qui ternissent son apparence et peuvent fragiliser sa structure. Un nettoyage r\u00e9gulier permet de pr\u00e9server son esth\u00e9tique, prolonger sa dur\u00e9e de vie et \u00e9viter les d\u00e9gradations.<\/p><ul><li class=\"symbols\"><span class=\"coolsymbol\">\u00a0<\/span><span style=\"color: #2d79be;\">\u00c9limination des traces de pollution :<\/span> Suppression des d\u00e9p\u00f4ts urbains, poussi\u00e8res, salissures et araign\u00e9es de fa\u00e7ade.<\/li><li class=\"symbols\"><span style=\"color: #2d79be;\">Traitement anti-mousse, algues et champignon :<\/span> Nettoyage en profondeur pour \u00e9viter la prolif\u00e9ration des v\u00e9g\u00e9taux et pr\u00e9server l\u2019int\u00e9grit\u00e9 des mat\u00e9riaux.<\/li><li class=\"symbols\"><span style=\"color: #2d79be;\">Nettoyage adapt\u00e9 \u00e0 tous types de fa\u00e7ades :<\/span> Briques, b\u00e9ton, enduit, pierre naturelle ou bardage, nous utilisons des techniques sp\u00e9cifiques pour chaque surface.<\/li><\/ul>\t\t\t\t\t\t\t\t<\/div>\n\t\t\t\t<\/div>\n\t\t\t\t<div class=\"elementor-element elementor-element-e488456 elementor-widget-divider--view-line elementor-widget elementor-widget-divider\" data-id=\"e488456\" data-element_type=\"widget\" data-widget_type=\"divider.default\">\n\t\t\t\t<div class=\"elementor-widget-container\">\n\t\t\t\t\t\t\t<div class=\"elementor-divider\">\n\t\t\t<span class=\"elementor-divider-separator\">\n\t\t\t\t\t\t<\/span>\n\t\t<\/div>\n\t\t\t\t\t\t<\/div>\n\t\t\t\t<\/div>\n\t\t\t\t<div class=\"elementor-element elementor-element-bd13a6a elementor-widget elementor-widget-heading\" data-id=\"bd13a6a\" data-element_type=\"widget\" data-widget_type=\"heading.default\">\n\t\t\t\t<div class=\"elementor-widget-container\">\n\t\t\t\t\t<h2 class=\"elementor-heading-title elementor-size-default\">Bardages<\/h2>\t\t\t\t<\/div>\n\t\t\t\t<\/div>\n\t\t\t\t<div class=\"elementor-element elementor-element-437c3d1 elementor-widget elementor-widget-text-editor\" data-id=\"437c3d1\" data-element_type=\"widget\" data-widget_type=\"text-editor.default\">\n\t\t\t\t<div class=\"elementor-widget-container\">\n\t\t\t\t\t\t\t\t\t<p>Les bardages ext\u00e9rieurs sont expos\u00e9s aux intemp\u00e9ries, \u00e0 la pollution et aux salissures qui alt\u00e8rent leur apparence et leur r\u00e9sistance.<\/p><ul><li><span style=\"color: #2d79be;\">Bardage m\u00e9tallique :<\/span> \u00c9limination des traces de pollution, poussi\u00e8res industrielles, d\u00e9p\u00f4ts de rouille, mousse, verdissures&#8230;<\/li><li><span style=\"color: #2d79be;\">Bardage PVC :<\/span> Nettoyage doux pour supprimer les salissures sans alt\u00e9rer la surface protectrice du mat\u00e9riau.<\/li><li><span style=\"color: #2d79be;\">Bardage bois :<\/span> D\u00e9crassage en profondeur pour \u00e9liminer les mousses, moisissures et r\u00e9sidus organiques tout en pr\u00e9servant la structure du bois. D\u00e9grisement et hydrofugeage.<\/li><\/ul>\t\t\t\t\t\t\t\t<\/div>\n\t\t\t\t<\/div>\n\t\t\t\t\t<\/div>\n\t\t\t\t<\/div>\n\t\t<div class=\"elementor-element elementor-element-c42737e e-flex e-con-boxed e-con e-parent\" data-id=\"c42737e\" data-element_type=\"container\">\n\t\t\t\t\t<div class=\"e-con-inner\">\n\t\t<div class=\"elementor-element elementor-element-bdefc9a e-con-full e-flex e-con e-child\" data-id=\"bdefc9a\" data-element_type=\"container\">\n\t\t<div class=\"elementor-element elementor-element-ea640f2 e-con-full toiture-img elementor-hidden-desktop elementor-hidden-tablet e-flex e-con e-child\" data-id=\"ea640f2\" data-element_type=\"container\" data-settings=\"{&quot;background_background&quot;:&quot;classic&quot;}\">\n\t\t\t\t<\/div>\n\t\t<div class=\"elementor-element elementor-element-844139c e-con-full e-flex e-con e-child\" data-id=\"844139c\" data-element_type=\"container\">\n\t\t\t\t<div class=\"elementor-element elementor-element-0d6b29e elementor-widget elementor-widget-heading\" data-id=\"0d6b29e\" data-element_type=\"widget\" id=\"enveloppe-batiment\" data-widget_type=\"heading.default\">\n\t\t\t\t<div class=\"elementor-widget-container\">\n\t\t\t\t\t<h2 class=\"elementor-heading-title elementor-size-default\">Enveloppe du B\u00e2timent<\/h2>\t\t\t\t<\/div>\n\t\t\t\t<\/div>\n\t\t\t\t<div class=\"elementor-element elementor-element-acab78f elementor-widget elementor-widget-image\" data-id=\"acab78f\" data-element_type=\"widget\" data-widget_type=\"image.default\">\n\t\t\t\t<div class=\"elementor-widget-container\">\n\t\t\t\t\t\t\t\t\t\t\t\t\t\t\t<img fetchpriority=\"high\" decoding=\"async\" width=\"512\" height=\"512\" src=\"https:\/\/baticleantech.fr\/wp-content\/uploads\/2025\/05\/building-04-svgrepo-com.png\" class=\"attachment-large size-large wp-image-1977\" alt=\"\" srcset=\"https:\/\/baticleantech.fr\/wp-content\/uploads\/2025\/05\/building-04-svgrepo-com.png 512w, https:\/\/baticleantech.fr\/wp-content\/uploads\/2025\/05\/building-04-svgrepo-com-300x300.png 300w, https:\/\/baticleantech.fr\/wp-content\/uploads\/2025\/05\/building-04-svgrepo-com-150x150.png 150w\" sizes=\"(max-width: 512px) 100vw, 512px\" \/>\t\t\t\t\t\t\t\t\t\t\t\t\t\t\t<\/div>\n\t\t\t\t<\/div>\n\t\t\t\t<div class=\"elementor-element elementor-element-d3b03ee elementor-widget__width-initial elementor-widget elementor-widget-text-editor\" data-id=\"d3b03ee\" data-element_type=\"widget\" data-widget_type=\"text-editor.default\">\n\t\t\t\t<div class=\"elementor-widget-container\">\n\t\t\t\t\t\t\t\t\t<p>Au-del\u00e0 de se pr\u00e9senter comme la vitrine de votre b\u00e2timent, le bardage et les fa\u00e7ades couvrent un r\u00f4le d\u2019\u00e9tanch\u00e9it\u00e9 \u00e0 l\u2019air et \u00e0 l\u2019eau. De leurs composants et leurs entretiens d\u00e9pendent donc l\u2019image que vous renvoyer \u00e0 vos utilisateurs et client mais \u00e9galement la qualit\u00e9 \u00e9nerg\u00e9tique de votre b\u00e2timent.<\/p>\t\t\t\t\t\t\t\t<\/div>\n\t\t\t\t<\/div>\n\t\t\t\t<\/div>\n\t\t<div class=\"elementor-element elementor-element-520d511 e-con-full toiture-img elementor-hidden-mobile e-flex e-con e-child\" data-id=\"520d511\" data-element_type=\"container\" data-settings=\"{&quot;background_background&quot;:&quot;classic&quot;}\">\n\t\t\t\t<\/div>\n\t\t\t\t<\/div>\n\t\t<div class=\"elementor-element elementor-element-e7cfb32 e-con-full e-flex e-con e-child\" data-id=\"e7cfb32\" data-element_type=\"container\">\n\t\t<div class=\"elementor-element elementor-element-4286c90 e-con-full toiture-img elementor-hidden-desktop elementor-hidden-tablet e-flex e-con e-child\" data-id=\"4286c90\" data-element_type=\"container\" data-settings=\"{&quot;background_background&quot;:&quot;classic&quot;}\">\n\t\t\t\t<\/div>\n\t\t<div class=\"elementor-element elementor-element-5c4b650 e-con-full toiture-img elementor-hidden-mobile e-flex e-con e-child\" data-id=\"5c4b650\" data-element_type=\"container\" data-settings=\"{&quot;background_background&quot;:&quot;classic&quot;}\">\n\t\t\t\t<\/div>\n\t\t<div class=\"elementor-element elementor-element-ef60f08 e-con-full e-flex e-con e-child\" data-id=\"ef60f08\" data-element_type=\"container\">\n\t\t\t\t<div class=\"elementor-element elementor-element-276c5ec elementor-widget elementor-widget-heading\" data-id=\"276c5ec\" data-element_type=\"widget\" id=\"materiaux\" data-widget_type=\"heading.default\">\n\t\t\t\t<div class=\"elementor-widget-container\">\n\t\t\t\t\t<h2 class=\"elementor-heading-title elementor-size-default\">Mat\u00e9riaux : l\u2019importance de la maintenance<\/h2>\t\t\t\t<\/div>\n\t\t\t\t<\/div>\n\t\t\t\t<div class=\"elementor-element elementor-element-1dd7a42 elementor-widget elementor-widget-image\" data-id=\"1dd7a42\" data-element_type=\"widget\" data-widget_type=\"image.default\">\n\t\t\t\t<div class=\"elementor-widget-container\">\n\t\t\t\t\t\t\t\t\t\t\t\t\t\t\t<img decoding=\"async\" width=\"1024\" height=\"1024\" src=\"https:\/\/baticleantech.fr\/wp-content\/uploads\/2025\/05\/clean-svgrepo-com3-1024x1024.png\" class=\"attachment-large size-large wp-image-1983\" alt=\"\" srcset=\"https:\/\/baticleantech.fr\/wp-content\/uploads\/2025\/05\/clean-svgrepo-com3-1024x1024.png 1024w, https:\/\/baticleantech.fr\/wp-content\/uploads\/2025\/05\/clean-svgrepo-com3-300x300.png 300w, https:\/\/baticleantech.fr\/wp-content\/uploads\/2025\/05\/clean-svgrepo-com3-150x150.png 150w, https:\/\/baticleantech.fr\/wp-content\/uploads\/2025\/05\/clean-svgrepo-com3-768x768.png 768w, https:\/\/baticleantech.fr\/wp-content\/uploads\/2025\/05\/clean-svgrepo-com3-1536x1536.png 1536w, https:\/\/baticleantech.fr\/wp-content\/uploads\/2025\/05\/clean-svgrepo-com3-2048x2048.png 2048w, https:\/\/baticleantech.fr\/wp-content\/uploads\/2025\/05\/clean-svgrepo-com3-600x600.png 600w\" sizes=\"(max-width: 1024px) 100vw, 1024px\" \/>\t\t\t\t\t\t\t\t\t\t\t\t\t\t\t<\/div>\n\t\t\t\t<\/div>\n\t\t\t\t<div class=\"elementor-element elementor-element-90fb4ea elementor-widget__width-initial elementor-widget elementor-widget-text-editor\" data-id=\"90fb4ea\" data-element_type=\"widget\" data-widget_type=\"text-editor.default\">\n\t\t\t\t<div class=\"elementor-widget-container\">\n\t\t\t\t\t\t\t\t\t<p>Des mat\u00e9riaux non entretenus peuvent se d\u00e9grad\u00e9s tr\u00e8s rapidement car ils subissent de mani\u00e8re frontale intemp\u00e9ries et variations importantes de temp\u00e9ratures. Premier rempart contre les infiltrations d\u2019air, un d\u00e9faut de maintenance peut alt\u00e9rer en tr\u00e8s peu de temps l\u2019int\u00e9grit\u00e9 des mat\u00e9riaux isolants que renferment les complexes d\u2019\u00e9tanch\u00e9it\u00e9 (bardages double peaux\u2026).<\/p>\t\t\t\t\t\t\t\t<\/div>\n\t\t\t\t<\/div>\n\t\t\t\t<\/div>\n\t\t\t\t<\/div>\n\t\t<div class=\"elementor-element elementor-element-da8b064 e-con-full e-flex e-con e-child\" data-id=\"da8b064\" data-element_type=\"container\">\n\t\t<div class=\"elementor-element elementor-element-5d3e407 e-con-full e-flex e-con e-child\" data-id=\"5d3e407\" data-element_type=\"container\">\n\t\t\t\t<div class=\"elementor-element elementor-element-9b964fc elementor-widget elementor-widget-heading\" data-id=\"9b964fc\" data-element_type=\"widget\" id=\"contrat-baticlean\" data-widget_type=\"heading.default\">\n\t\t\t\t<div class=\"elementor-widget-container\">\n\t\t\t\t\t<h2 class=\"elementor-heading-title elementor-size-default\">Contrat Batitech DS<\/h2>\t\t\t\t<\/div>\n\t\t\t\t<\/div>\n\t\t\t\t<div class=\"elementor-element elementor-element-86a7940 elementor-widget__width-initial elementor-widget elementor-widget-text-editor\" data-id=\"86a7940\" data-element_type=\"widget\" data-widget_type=\"text-editor.default\">\n\t\t\t\t<div class=\"elementor-widget-container\">\n\t\t\t\t\t\t\t\t\t<p>Le contrat d\u2019entretien Batitech DS assure \u00e0\u00a0 la fois une maintenance en bon p\u00e8re de\u00a0 famille de tous vos \u00e9l\u00e9ments de fa\u00e7ades et bardages et propose \u00e9galement des nettoyages adapt\u00e9s \u00e0 chacun de vos rev\u00eatements.<\/p>\t\t\t\t\t\t\t\t<\/div>\n\t\t\t\t<\/div>\n\t\t<div class=\"elementor-element elementor-element-cb572ab e-con-full e-flex e-con e-child\" data-id=\"cb572ab\" data-element_type=\"container\">\n\t\t<div class=\"elementor-element elementor-element-20670f3 e-con-full e-flex e-con e-child\" data-id=\"20670f3\" data-element_type=\"container\">\n\t\t\t\t<div class=\"elementor-element elementor-element-7cc2240 elementor-widget elementor-widget-image\" data-id=\"7cc2240\" data-element_type=\"widget\" data-widget_type=\"image.default\">\n\t\t\t\t<div class=\"elementor-widget-container\">\n\t\t\t\t\t\t\t\t\t\t\t\t\t\t\t<img decoding=\"async\" width=\"1024\" height=\"1024\" src=\"https:\/\/baticleantech.fr\/wp-content\/uploads\/2025\/05\/ChatGPT-Image-May-14-2025-07_04_39-PM.png\" class=\"attachment-large size-large wp-image-2005\" alt=\"\" srcset=\"https:\/\/baticleantech.fr\/wp-content\/uploads\/2025\/05\/ChatGPT-Image-May-14-2025-07_04_39-PM.png 1024w, https:\/\/baticleantech.fr\/wp-content\/uploads\/2025\/05\/ChatGPT-Image-May-14-2025-07_04_39-PM-300x300.png 300w, https:\/\/baticleantech.fr\/wp-content\/uploads\/2025\/05\/ChatGPT-Image-May-14-2025-07_04_39-PM-150x150.png 150w, https:\/\/baticleantech.fr\/wp-content\/uploads\/2025\/05\/ChatGPT-Image-May-14-2025-07_04_39-PM-768x768.png 768w, https:\/\/baticleantech.fr\/wp-content\/uploads\/2025\/05\/ChatGPT-Image-May-14-2025-07_04_39-PM-600x600.png 600w\" sizes=\"(max-width: 1024px) 100vw, 1024px\" \/>\t\t\t\t\t\t\t\t\t\t\t\t\t\t\t<\/div>\n\t\t\t\t<\/div>\n\t\t\t\t<div class=\"elementor-element elementor-element-bc3c051 elementor-widget elementor-widget-heading\" data-id=\"bc3c051\" data-element_type=\"widget\" data-widget_type=\"heading.default\">\n\t\t\t\t<div class=\"elementor-widget-container\">\n\t\t\t\t\t<h2 class=\"elementor-heading-title elementor-size-default\">Bardage m\u00e9tallique<\/h2>\t\t\t\t<\/div>\n\t\t\t\t<\/div>\n\t\t\t\t<\/div>\n\t\t<div class=\"elementor-element elementor-element-e88c17e e-con-full e-flex e-con e-child\" data-id=\"e88c17e\" data-element_type=\"container\">\n\t\t\t\t<div class=\"elementor-element elementor-element-76b231d elementor-widget elementor-widget-image\" data-id=\"76b231d\" data-element_type=\"widget\" data-widget_type=\"image.default\">\n\t\t\t\t<div class=\"elementor-widget-container\">\n\t\t\t\t\t\t\t\t\t\t\t\t\t\t\t<img loading=\"lazy\" decoding=\"async\" width=\"1024\" height=\"1024\" src=\"https:\/\/baticleantech.fr\/wp-content\/uploads\/2025\/05\/ChatGPT-Image-May-14-2025-07_04_43-PM.png\" class=\"attachment-large size-large wp-image-2006\" alt=\"\" srcset=\"https:\/\/baticleantech.fr\/wp-content\/uploads\/2025\/05\/ChatGPT-Image-May-14-2025-07_04_43-PM.png 1024w, https:\/\/baticleantech.fr\/wp-content\/uploads\/2025\/05\/ChatGPT-Image-May-14-2025-07_04_43-PM-300x300.png 300w, https:\/\/baticleantech.fr\/wp-content\/uploads\/2025\/05\/ChatGPT-Image-May-14-2025-07_04_43-PM-150x150.png 150w, https:\/\/baticleantech.fr\/wp-content\/uploads\/2025\/05\/ChatGPT-Image-May-14-2025-07_04_43-PM-768x768.png 768w, https:\/\/baticleantech.fr\/wp-content\/uploads\/2025\/05\/ChatGPT-Image-May-14-2025-07_04_43-PM-600x600.png 600w\" sizes=\"(max-width: 1024px) 100vw, 1024px\" \/>\t\t\t\t\t\t\t\t\t\t\t\t\t\t\t<\/div>\n\t\t\t\t<\/div>\n\t\t\t\t<div class=\"elementor-element elementor-element-7a07252 elementor-widget elementor-widget-heading\" data-id=\"7a07252\" data-element_type=\"widget\" data-widget_type=\"heading.default\">\n\t\t\t\t<div class=\"elementor-widget-container\">\n\t\t\t\t\t<h2 class=\"elementor-heading-title elementor-size-default\">Fa\u00e7ade en b\u00e9ton<\/h2>\t\t\t\t<\/div>\n\t\t\t\t<\/div>\n\t\t\t\t<\/div>\n\t\t<div class=\"elementor-element elementor-element-9d8f192 e-con-full e-flex e-con e-child\" data-id=\"9d8f192\" data-element_type=\"container\">\n\t\t\t\t<div class=\"elementor-element elementor-element-92716d8 elementor-widget elementor-widget-image\" data-id=\"92716d8\" data-element_type=\"widget\" data-widget_type=\"image.default\">\n\t\t\t\t<div class=\"elementor-widget-container\">\n\t\t\t\t\t\t\t\t\t\t\t\t\t\t\t<img loading=\"lazy\" decoding=\"async\" width=\"1024\" height=\"1024\" src=\"https:\/\/baticleantech.fr\/wp-content\/uploads\/2025\/05\/ChatGPT-Image-May-14-2025-07_13_52-PM.png\" class=\"attachment-large size-large wp-image-2007\" alt=\"\" srcset=\"https:\/\/baticleantech.fr\/wp-content\/uploads\/2025\/05\/ChatGPT-Image-May-14-2025-07_13_52-PM.png 1024w, https:\/\/baticleantech.fr\/wp-content\/uploads\/2025\/05\/ChatGPT-Image-May-14-2025-07_13_52-PM-300x300.png 300w, https:\/\/baticleantech.fr\/wp-content\/uploads\/2025\/05\/ChatGPT-Image-May-14-2025-07_13_52-PM-150x150.png 150w, https:\/\/baticleantech.fr\/wp-content\/uploads\/2025\/05\/ChatGPT-Image-May-14-2025-07_13_52-PM-768x768.png 768w, https:\/\/baticleantech.fr\/wp-content\/uploads\/2025\/05\/ChatGPT-Image-May-14-2025-07_13_52-PM-600x600.png 600w\" sizes=\"(max-width: 1024px) 100vw, 1024px\" \/>\t\t\t\t\t\t\t\t\t\t\t\t\t\t\t<\/div>\n\t\t\t\t<\/div>\n\t\t\t\t<div class=\"elementor-element elementor-element-8ad4642 elementor-widget elementor-widget-heading\" data-id=\"8ad4642\" data-element_type=\"widget\" data-widget_type=\"heading.default\">\n\t\t\t\t<div class=\"elementor-widget-container\">\n\t\t\t\t\t<h2 class=\"elementor-heading-title elementor-size-default\">Bardage en bois<\/h2>\t\t\t\t<\/div>\n\t\t\t\t<\/div>\n\t\t\t\t<\/div>\n\t\t<div class=\"elementor-element elementor-element-685348f e-con-full e-flex e-con e-child\" data-id=\"685348f\" data-element_type=\"container\">\n\t\t\t\t<div class=\"elementor-element elementor-element-1b90f36 elementor-widget elementor-widget-image\" data-id=\"1b90f36\" data-element_type=\"widget\" data-widget_type=\"image.default\">\n\t\t\t\t<div class=\"elementor-widget-container\">\n\t\t\t\t\t\t\t\t\t\t\t\t\t\t\t<img loading=\"lazy\" decoding=\"async\" width=\"1024\" height=\"1024\" src=\"https:\/\/baticleantech.fr\/wp-content\/uploads\/2025\/05\/ChatGPT-Image-May-14-2025-07_04_40-PM.png\" class=\"attachment-large size-large wp-image-2008\" alt=\"\" srcset=\"https:\/\/baticleantech.fr\/wp-content\/uploads\/2025\/05\/ChatGPT-Image-May-14-2025-07_04_40-PM.png 1024w, https:\/\/baticleantech.fr\/wp-content\/uploads\/2025\/05\/ChatGPT-Image-May-14-2025-07_04_40-PM-300x300.png 300w, https:\/\/baticleantech.fr\/wp-content\/uploads\/2025\/05\/ChatGPT-Image-May-14-2025-07_04_40-PM-150x150.png 150w, https:\/\/baticleantech.fr\/wp-content\/uploads\/2025\/05\/ChatGPT-Image-May-14-2025-07_04_40-PM-768x768.png 768w, https:\/\/baticleantech.fr\/wp-content\/uploads\/2025\/05\/ChatGPT-Image-May-14-2025-07_04_40-PM-600x600.png 600w\" sizes=\"(max-width: 1024px) 100vw, 1024px\" \/>\t\t\t\t\t\t\t\t\t\t\t\t\t\t\t<\/div>\n\t\t\t\t<\/div>\n\t\t\t\t<div class=\"elementor-element elementor-element-3d01032 elementor-widget elementor-widget-heading\" data-id=\"3d01032\" data-element_type=\"widget\" data-widget_type=\"heading.default\">\n\t\t\t\t<div class=\"elementor-widget-container\">\n\t\t\t\t\t<h2 class=\"elementor-heading-title elementor-size-default\">Bardage en PVC<\/h2>\t\t\t\t<\/div>\n\t\t\t\t<\/div>\n\t\t\t\t<\/div>\n\t\t<div class=\"elementor-element elementor-element-d8fc6a6 e-con-full e-flex e-con e-child\" data-id=\"d8fc6a6\" data-element_type=\"container\">\n\t\t\t\t<div class=\"elementor-element elementor-element-81bf8b7 elementor-widget elementor-widget-image\" data-id=\"81bf8b7\" data-element_type=\"widget\" data-widget_type=\"image.default\">\n\t\t\t\t<div class=\"elementor-widget-container\">\n\t\t\t\t\t\t\t\t\t\t\t\t\t\t\t<img loading=\"lazy\" decoding=\"async\" width=\"1024\" height=\"1024\" src=\"https:\/\/baticleantech.fr\/wp-content\/uploads\/2025\/05\/ChatGPT-Image-May-14-2025-07_04_42-PM.png\" class=\"attachment-large size-large wp-image-2009\" alt=\"\" srcset=\"https:\/\/baticleantech.fr\/wp-content\/uploads\/2025\/05\/ChatGPT-Image-May-14-2025-07_04_42-PM.png 1024w, https:\/\/baticleantech.fr\/wp-content\/uploads\/2025\/05\/ChatGPT-Image-May-14-2025-07_04_42-PM-300x300.png 300w, https:\/\/baticleantech.fr\/wp-content\/uploads\/2025\/05\/ChatGPT-Image-May-14-2025-07_04_42-PM-150x150.png 150w, https:\/\/baticleantech.fr\/wp-content\/uploads\/2025\/05\/ChatGPT-Image-May-14-2025-07_04_42-PM-768x768.png 768w, https:\/\/baticleantech.fr\/wp-content\/uploads\/2025\/05\/ChatGPT-Image-May-14-2025-07_04_42-PM-600x600.png 600w\" sizes=\"(max-width: 1024px) 100vw, 1024px\" \/>\t\t\t\t\t\t\t\t\t\t\t\t\t\t\t<\/div>\n\t\t\t\t<\/div>\n\t\t\t\t<div class=\"elementor-element elementor-element-5df7ebe elementor-widget elementor-widget-heading\" data-id=\"5df7ebe\" data-element_type=\"widget\" data-widget_type=\"heading.default\">\n\t\t\t\t<div class=\"elementor-widget-container\">\n\t\t\t\t\t<h2 class=\"elementor-heading-title elementor-size-default\">Bardage en mat\u00e9riaux composites<\/h2>\t\t\t\t<\/div>\n\t\t\t\t<\/div>\n\t\t\t\t<\/div>\n\t\t\t\t<\/div>\n\t\t\t\t<\/div>\n\t\t\t\t<\/div>\n\t\t\t\t\t<\/div>\n\t\t\t\t<\/div>\n\t\t<div class=\"elementor-element elementor-element-92cf717 e-flex e-con-boxed e-con e-parent\" data-id=\"92cf717\" data-element_type=\"container\">\n\t\t\t\t\t<div class=\"e-con-inner\">\n\t\t\t\t\t<\/div>\n\t\t\t\t<\/div>\n\t\t\t\t<\/div>\n\t\t","protected":false},"excerpt":{"rendered":"<p>ENTRETIEN DES FACADES ET BARDAGES Fa\u00e7ades Votre fa\u00e7ade est expos\u00e9e aux intemp\u00e9ries, \u00e0 la pollution et aux salissures qui ternissent son apparence et peuvent fragiliser sa structure. Un nettoyage r\u00e9gulier permet de pr\u00e9server son esth\u00e9tique, prolonger sa dur\u00e9e de vie et \u00e9viter les d\u00e9gradations. \u00a0\u00c9limination des traces de pollution : Suppression des d\u00e9p\u00f4ts urbains, poussi\u00e8res, [&hellip;]<\/p>\n","protected":false},"author":1,"featured_media":0,"parent":0,"menu_order":0,"comment_status":"closed","ping_status":"closed","template":"","meta":{"ocean_post_layout":"full-screen","ocean_both_sidebars_style":"","ocean_both_sidebars_content_width":0,"ocean_both_sidebars_sidebars_width":0,"ocean_sidebar":"0","ocean_second_sidebar":"0","ocean_disable_margins":"on","ocean_add_body_class":"","ocean_shortcode_before_top_bar":"","ocean_shortcode_after_top_bar":"","ocean_shortcode_before_header":"","ocean_shortcode_after_header":"","ocean_has_shortcode":"","ocean_shortcode_after_title":"","ocean_shortcode_before_footer_widgets":"","ocean_shortcode_after_footer_widgets":"","ocean_shortcode_before_footer_bottom":"","ocean_shortcode_after_footer_bottom":"","ocean_display_top_bar":"default","ocean_display_header":"default","ocean_header_style":"transparent","ocean_center_header_left_menu":"0","ocean_custom_header_template":"0","ocean_custom_logo":0,"ocean_custom_retina_logo":0,"ocean_custom_logo_max_width":0,"ocean_custom_logo_tablet_max_width":0,"ocean_custom_logo_mobile_max_width":0,"ocean_custom_logo_max_height":0,"ocean_custom_logo_tablet_max_height":0,"ocean_custom_logo_mobile_max_height":0,"ocean_header_custom_menu":"0","ocean_menu_typo_font_family":"0","ocean_menu_typo_font_subset":"","ocean_menu_typo_font_size":0,"ocean_menu_typo_font_size_tablet":0,"ocean_menu_typo_font_size_mobile":0,"ocean_menu_typo_font_size_unit":"px","ocean_menu_typo_font_weight":"","ocean_menu_typo_font_weight_tablet":"","ocean_menu_typo_font_weight_mobile":"","ocean_menu_typo_transform":"","ocean_menu_typo_transform_tablet":"","ocean_menu_typo_transform_mobile":"","ocean_menu_typo_line_height":0,"ocean_menu_typo_line_height_tablet":0,"ocean_menu_typo_line_height_mobile":0,"ocean_menu_typo_line_height_unit":"","ocean_menu_typo_spacing":0,"ocean_menu_typo_spacing_tablet":0,"ocean_menu_typo_spacing_mobile":0,"ocean_menu_typo_spacing_unit":"","ocean_menu_link_color":"#ffffff","ocean_menu_link_color_hover":"#6e8fef","ocean_menu_link_color_active":"#ffffff","ocean_menu_link_background":"","ocean_menu_link_hover_background":"","ocean_menu_link_active_background":"","ocean_menu_social_links_bg":"","ocean_menu_social_hover_links_bg":"","ocean_menu_social_links_color":"#ffffff","ocean_menu_social_hover_links_color":"#6e8fef","ocean_disable_title":"on","ocean_disable_heading":"default","ocean_post_title":"","ocean_post_subheading":"","ocean_post_title_style":"","ocean_post_title_background_color":"","ocean_post_title_background":0,"ocean_post_title_bg_image_position":"","ocean_post_title_bg_image_attachment":"","ocean_post_title_bg_image_repeat":"","ocean_post_title_bg_image_size":"","ocean_post_title_height":0,"ocean_post_title_bg_overlay":0.5,"ocean_post_title_bg_overlay_color":"","ocean_disable_breadcrumbs":"off","ocean_breadcrumbs_color":"","ocean_breadcrumbs_separator_color":"","ocean_breadcrumbs_links_color":"","ocean_breadcrumbs_links_hover_color":"","ocean_display_footer_widgets":"default","ocean_display_footer_bottom":"default","ocean_custom_footer_template":"0","footnotes":""},"class_list":["post-619","page","type-page","status-publish","hentry","entry"],"_links":{"self":[{"href":"https:\/\/baticleantech.fr\/index.php?rest_route=\/wp\/v2\/pages\/619","targetHints":{"allow":["GET"]}}],"collection":[{"href":"https:\/\/baticleantech.fr\/index.php?rest_route=\/wp\/v2\/pages"}],"about":[{"href":"https:\/\/baticleantech.fr\/index.php?rest_route=\/wp\/v2\/types\/page"}],"author":[{"embeddable":true,"href":"https:\/\/baticleantech.fr\/index.php?rest_route=\/wp\/v2\/users\/1"}],"replies":[{"embeddable":true,"href":"https:\/\/baticleantech.fr\/index.php?rest_route=%2Fwp%2Fv2%2Fcomments&post=619"}],"version-history":[{"count":88,"href":"https:\/\/baticleantech.fr\/index.php?rest_route=\/wp\/v2\/pages\/619\/revisions"}],"predecessor-version":[{"id":2534,"href":"https:\/\/baticleantech.fr\/index.php?rest_route=\/wp\/v2\/pages\/619\/revisions\/2534"}],"wp:attachment":[{"href":"https:\/\/baticleantech.fr\/index.php?rest_route=%2Fwp%2Fv2%2Fmedia&parent=619"}],"curies":[{"name":"wp","href":"https:\/\/api.w.org\/{rel}","templated":true}]}}